{"id":95,"date":"2017-06-18T13:52:01","date_gmt":"2017-06-18T11:52:01","guid":{"rendered":"http:\/\/zenbit.eu\/marokkoprojekt\/?page_id=95"},"modified":"2017-06-18T14:14:52","modified_gmt":"2017-06-18T12:14:52","slug":"unterstuetzer","status":"publish","type":"page","link":"https:\/\/zenbit.eu\/marokkoprojekt\/index.php\/unterstuetzer\/","title":{"rendered":"Unterst\u00fctzer"},"content":{"rendered":"<p>Unterst\u00fctzer der ersten Stunde und seither treuer F\u00f6rderer unseres Projekts ist <a href=\"https:\/\/www.motoruf.de\">Eduard Ruf<\/a><br \/>\nDer P\u00e4dagogische Austauschdienst des Sekretariats der Kultusministerkonferenz unterst\u00fctzt unsere Begegnungen seit 2011<br \/>\n2012 durfte eine Sch\u00fclerin und Teilnehmerin des Projekts in der dm-Filiale Neuburger Stra\u00dfe 227 eine Stunde lang kassieren, und der gesamte Erl\u00f6s von ca. 2000,- \u20ac ging an unser Projekt.<br \/>\nZuwendungen erhielten wir auch von der Waldorf-Stiftung und kleinere Summen von Privatpersonen<br \/>\nDie teilnehmenden Sch\u00fcler beteiligen sich an der Finanzierung durch einen friendly service bei real<\/p>\n","protected":false},"excerpt":{"rendered":"<p>Unterst\u00fctzer der ersten Stunde und seither treuer F\u00f6rderer unseres Projekts ist Eduard Ruf Der P\u00e4dagogische Austauschdienst des Sekretariats der Kultusministerkonferenz unterst\u00fctzt unsere Begegnungen seit 2011 2012 durfte eine Sch\u00fclerin und Teilnehmerin des Projekts in der dm-Filiale Neuburger Stra\u00dfe 227 eine&#8230; <a class=\"more-link\" href=\"https:\/\/zenbit.eu\/marokkoprojekt\/index.php\/unterstuetzer\/\">Weiterlesen &rarr;<\/a><\/p>\n","protected":false},"author":1,"featured_media":105,"parent":0,"menu_order":0,"comment_status":"closed","ping_status":"closed","template":"","meta":{"footnotes":""},"_links":{"self":[{"href":"https:\/\/zenbit.eu\/marokkoprojekt\/index.php\/wp-json\/wp\/v2\/pages\/95"}],"collection":[{"href":"https:\/\/zenbit.eu\/marokkoprojekt\/index.php\/wp-json\/wp\/v2\/pages"}],"about":[{"href":"https:\/\/zenbit.eu\/marokkoprojekt\/index.php\/wp-json\/wp\/v2\/types\/page"}],"author":[{"embeddable":true,"href":"https:\/\/zenbit.eu\/marokkoprojekt\/index.php\/wp-json\/wp\/v2\/users\/1"}],"replies":[{"embeddable":true,"href":"https:\/\/zenbit.eu\/marokkoprojekt\/index.php\/wp-json\/wp\/v2\/comments?post=95"}],"version-history":[{"count":1,"href":"https:\/\/zenbit.eu\/marokkoprojekt\/index.php\/wp-json\/wp\/v2\/pages\/95\/revisions"}],"predecessor-version":[{"id":96,"href":"https:\/\/zenbit.eu\/marokkoprojekt\/index.php\/wp-json\/wp\/v2\/pages\/95\/revisions\/96"}],"wp:featuredmedia":[{"embeddable":true,"href":"https:\/\/zenbit.eu\/marokkoprojekt\/index.php\/wp-json\/wp\/v2\/media\/105"}],"wp:attachment":[{"href":"https:\/\/zenbit.eu\/marokkoprojekt\/index.php\/wp-json\/wp\/v2\/media?parent=95"}],"curies":[{"name":"wp","href":"https:\/\/api.w.org\/{rel}","templated":true}]}}